 is the highest common divisor of 38 and b?
38
Suppose 0 = 2*c - 3*y + 5*y + 4, 4*c = -2*y - 2. Suppose -12*j + 24 = -8*j. Let z be 0 + j + (-1)/((-5)/(-10)). Calculate the greatest common factor of z and c.
1
Suppose -y - 15 + 5 = 0. Let c be (-5 - 668/y) + (-1)/(-5). Let t = 76 - c. What is the highest common divisor of t and 35?
7
Suppose 4*z - 3 = -5*v + 5, -v + 3*z = 6. Suppose 4*a - 7*a + 1050 = v. Let x be ((-4)/(-10))/(10/a). What is the highest common factor of 154 and x?
14
Suppose 585 = -4*w + 13*w. Let f = 170 - w. Suppose 0 = 2*k - 8 - 22. Calculate the highest common divisor of k and f.
15
Let d be (89/2 + -2)*2400/6000. Let s = 76 + 43. What is the greatest common divisor of d and s?
17
Suppose t = -52*t + 11*t + 1260. What is the highest common divisor of 2010 and t?
30
Let h(r) = r - 4. Let m be h(23). Suppose -m = 6*g - 97. What is the greatest common factor of 26 and g?
13
Let d be 4/(-20) - ((-462)/10 + 3). Let g = d - 38. Suppose 82 = 2*f - g*c, -3*f - f + c + 164 = 0. What is the greatest common divisor of 123 and f?
41
Suppose 10*c - 632 = 218. Let t = c - 85. Suppose t = 2*b + 209 - 609. What is the greatest common divisor of b and 80?
40
Let f(k) = -66*k - 94. Suppose -238*s + 32 = -246*s. Let o be f(s). What is the highest common factor of 10 and o?
10
Let o = 5 + 190. Let i be 2 + 0 + o/13 + -8. Suppose -5*n + 2*d + 485 = 0, 3*n + 6*d - 312 = 3*d. What is the greatest common divisor of i and n?
9
Let g(z) = 2*z**2 - 27*z - 57. Let a be g(-2). Let x be (1 - 33)*(-4 - (8 - a)). What is the greatest common factor of x and 336?
112
Suppose 0 = -3*j + 4*j + 56. Let g(s) = 5*s**2 - 326*s - 122. Let c be g(66). Let y = j + c. What is the greatest common factor of y and 215?
43
Let u = -4543 - -4562. What is the greatest common factor of u and 1387?
19
Suppose -2*n = 3*u - 33, -5*n - 3*u - 6 = -120. What is the highest common divisor of 288 and n?
9
Let r = 553 - 539. Suppose 2*b - i - r = 0, 5*i - 26 = -10*b + 8*b. Calculate the greatest common divisor of b and 296.
8
Let m be (((-4)/3)/((-120)/108))/((-12)/(-17160)). Calculate the highest common factor of 1248 and m.
156
Suppose 0 = m, 4*a = 3*m + 42 + 34. Let y = -44 - -30. Let d be 19/(y/8 - -2). Calculate the highest common factor of a and d.
19
Let o = -85190 - -85510. Let c(g) = 64*g. Let s be c(3). What is the highest common divisor of o and s?
64
Suppose -33288 - 30510 = -62*m. What is the highest common factor of m and 3?
3
Let z(l) = 4*l + 359. Let f be z(0). Let s = f - 252. Suppose 61 + s = 6*i. What is the highest common divisor of i and 7?
7
Let u(j) = 9*j**2 + j + 3. Let g be u(5). Suppose -2*y + g = -105. Suppose 2*d - y = -9. Calculate the highest common factor of 30 and d.
10
Suppose -2*g = -4*q - 180, 13*g - 16*g - 3*q + 333 = 0. Calculate the greatest common factor of 7800 and g.
104
Let n(d) = d + 598. Let s be n(0). Suppose 141*m + 416 = 149*m. What is the highest common divisor of s and m?
26
Let t(w) = w**3 - 15*w**2 + 19*w - 1. Let z be t(14). Suppose 3*b - 5*l - 67 = -13, -5*l - 31 = -2*b. Calculate the greatest common factor of z and b.
23
Suppose -3*b - 49 + 10 = 0. Let g(c) = c**3 + 11*c**2 - 26*c + 18. Let v be g(b). Suppose -2*m + v = 2. Calculate the greatest common divisor of m and 2.
2
Suppose 0 = -7*d - 252 + 1694. Let p be (-4)/(-1 + d/210). Let u = p + -150. Calculate the highest common divisor of u and 20.
20
Let g(r) = 2 + 0*r - 8*r - 3 + 9*r**2 - 7*r**2. Let a be g(8). Let u be (-1 - 8)*(-4)/(-6 - -10). Calculate the highest common divisor of a and u.
9
Let x = -6135 + 6168. What is the greatest common factor of 671 and x?
11
Let d be (292 + 11 - 12) + 6. What is the greatest common factor of 45 and d?
9
Let g = -42 + 46. Suppose -s + g*u = 3*u - 24, -3*s - u + 68 = 0. Calculate the greatest common divisor of 368 and s.
23
Let d(c) be the second derivative of 52*c**4/3 + c**3/3 + c**2 + 3*c + 4. Let b be d(1). What is the highest common factor of b and 4?
4
Let v(d) = -d**3 + 4*d**2 - 4*d + 4. Let k be v(3). Let b be (-176)/(-96) - 3/(-18). What is the greatest common factor of b and k?
1
Let v be 1/3*(-3 + -100)*-3. Suppose 0 = 16*x - v - 89. Calculate the greatest common divisor of x and 32.
4
Let i = -131 + 31. Let n = i - -155. What is the highest common factor of 66 and n?
11
Let u = 8236 + -2758. What is the greatest common divisor of 132 and u?
66
Let p(q) = -8*q - 7*q + 9*q. Let h be p(0). Suppose h = -3*o + 11 + 28. Calculate the highest common factor of o and 65.
13
Let v(o) = -2*o**2 - 10*o - 11. Suppose -21 = 10*i + 19. Let q be v(i). Let g be 30/((-5)/q - (-1)/3). Calculate the greatest common factor of g and 5.
5
Let n be 7/((-70)/(-1304)) - (32/40)/2. What is the highest common factor of n and 380?
10
Let u(c) = -c**2 - 15*c - 27. Let b be u(-14). Let h(q) = q + 17. Let k be h(b). Suppose 0 = k*z - 120 + 48. What is the highest common divisor of 90 and z?
18
Let g(m) = -26*m + 74. Let a be g(-3). What is the greatest common divisor of 475 and a?
19
Suppose -3*d + 5*d + t - 46 = 0, 130 = 5*d + 5*t. What is the highest common factor of 2085 and d?
5
Let t(i) = 3170*i**2 - 21*i - 74. Let q be t(-3). What is the highest common factor of 361 and q?
361
Suppose 31 = k - 249. Suppose 51*t - 5880 = -96*t. What is the greatest common factor of k and t?
40
Let z be 5 - (-162354)/50 - 154/1925. Calculate the greatest common factor of 42 and z.
6
Suppose 0 = -2*h + 721 - 2535. Let z = h + 925. Calculate the greatest common factor of 10 and z.
2
Let n(r) = 34 - 48*r + 94*r - 45*r. Let x be n(-31). Calculate the highest common factor of 39 and x.
3
Let k be (-1204)/(-70) + 3/(-15). Suppose -18*x + 24 = -k*x. What is the highest common divisor of x and 300?
12
Suppose -8*h + 33371 = 30459. What is the highest common divisor of h and 4459?
91
Suppose 8 + 54 = 2*v. Suppose -29*m = -32*m + 1023. What is the greatest common factor of m and v?
31
Suppose 2*m - 11 = -3*m - 3*f, -3*m - 5*f + 13 = 0. Let b be 1*15 + (99/(-11) - -5). What is the highest common divisor of m and b?
1
Let v = 52 + 56. Let i = -2 - -14. Calculate the greatest common factor of i and v.
12
Let h be (-1 + -33)*9/(-6). Suppose 186*s + 303*s = 1467. Suppose s*q - 21 - h = 0. What is the greatest common factor of q and 48?
24
Suppose -10*o + 0*o + 950 = -5*o. Calculate the highest common factor of o and 110.
10
Let h(g) = 2638*g - 2653. Let d be h(2). What is the greatest common divisor of 86 and d?
43
Suppose -206*f = -207*f - 7. Let s(v) = 4*v + 32. Let m be s(f). What is the greatest common divisor of m and 68?
4
Suppose 2*b - 30*b + 252 = 0. Suppose 5*z = b*z + p - 60, 5*z + 4*p = 75. Let n = -3 - -23. Calculate the highest common factor of n and z.
5
Let q be (1 - 1)*17/34. Let k be ((-5)/(-5 - q))/(-1 - 0). Let y be ((72/(-28))/k)/((-2)/(-28)). Calculate the greatest common divisor of y and 9.
9
Let d(q) = 33*q**2 - 425*q - 73. Let w be d(28). What is the highest common factor of w and 246?
123
Let r = 9 + -5. Suppose -r*v - 15 = -v. Let o(q) = 2*q**2 + 4*q - 9. Let i be o(v). What is the highest common factor of 3 and i?
3
Let h be (-675)/(-30)*(-24)/(-10). Let p = h + -47. Suppose -p*c = -6 - 43. Calculate the greatest common factor of 77 and c.
7
Let u = 473335 - 473325. Suppose -p + 1 = -0. Calculate the highest common factor of p and u.
1
Let t = -23 + 87. Suppose -26*q + 1315 + 1647 = 466. Calculate the greatest common divisor of t and q.
32
Suppose -293*t + 288*t + 530 = 3*r, -3*r = t - 514. Calculate the highest common divisor of 240 and r.
10
Suppose 21*v = 998 + 220. Suppose -v + 268 = 21*c. Calculate the greatest common divisor of c and 170.
10
Suppose 426*z - 95956 = -72*z - 98*z. Suppose -5*c + 22 - 62 = 0. Let w = 31 + c. What is the highest common divisor of z and w?
23
Suppose 5*t + 27*l - 14216 = 266161, 2*t - 112212 = -4*l. What is the greatest common factor of 18 and t?
18
Let l = -930 + 1205. Calculate the greatest common factor of 625 and l.
25
Suppose 11*q - 1316832 = -341*q. Calculate the highest common factor of q and 87.
87
Let q = -27186 - -27348. What is the greatest common divisor of q and 1629?
9
Let g = -18353 - -18397. Let r be (-9)/(-12) - 173/(-4). What is the highest common divisor of g and r?
44
Suppose 3651*h - 500 = 3601*h